{"id":2664,"date":"2021-04-19T11:56:16","date_gmt":"2021-04-19T11:56:16","guid":{"rendered":"https:\/\/stage.startertemplatecloud.com\/g04\/?page_id=2664"},"modified":"2025-05-12T11:42:22","modified_gmt":"2025-05-12T09:42:22","slug":"contact","status":"publish","type":"page","link":"https:\/\/reparshop.shop\/index.php\/contact\/","title":{"rendered":"Contact"},"content":{"rendered":"\n\n<div class=\"wp-block-kadence-column kadence-column2664_ad8967-2e inner-column-1\"><div class=\"kt-inside-inner-col\">\n\n<h1 class=\"kt-adv-heading2664_f2b5b8-cc wp-block-kadence-advancedheading has-theme-palette-9-color has-text-color\" data-kb-block=\"kb-adv-heading2664_f2b5b8-cc\">Contact<\/h1>\n\n<\/div><\/div>\n\n\n<div class=\"wp-block-kadence-column kadence-column2664_e53018-08 inner-column-2\"><div class=\"kt-inside-inner-col\"><\/div><\/div>\n\n\n\n\n<div style=\"font-family: Tahoma, sans-serif;\">\n  <h2 style=\"font-size: 1.8em;\">O\u00f9 nous trouver<\/h2>\n  <p style=\"font-size: 1.3em;\">\ud83d\udccd 5 Grand Rue<br>67500 Haguenau<\/p>\n\n  <p style=\"font-size: 1.3em;\">\ud83d\udcde <a href=\"tel:0981272151\" style=\"color: #1877F2; text-decoration: none;\">09 81 27 21 51<\/a><\/p>\n\n  <h3 style=\"font-size: 1.5em; margin-top: 1em;\">Nos horaires d&rsquo;ouverture<\/h3>\n  \n  <div style=\"font-size: 1.3em; line-height: 1.8;\">\n    <div style=\"display: flex; justify-content: space-between;\">\n      <span>Lundi :<\/span><span>9h30 &#8211; 12h30 &#038; 14h00 &#8211; 18h30<\/span>\n    <\/div>\n    <div style=\"display: flex; justify-content: space-between;\">\n      <span>Mardi :<\/span><span>9h30 &#8211; 12h30 &#038; 14h00 &#8211; 18h30<\/span>\n    <\/div>\n    <div style=\"display: flex; justify-content: space-between;\">\n      <span>Mercredi :<\/span><span>9h30 &#8211; 12h30 &#038; 14h00 &#8211; 18h30<\/span>\n    <\/div>\n    <div style=\"display: flex; justify-content: space-between;\">\n      <span>Jeudi :<\/span><span>9h30 &#8211; 12h30 &#038; 14h00 &#8211; 18h30<\/span>\n    <\/div>\n    <div style=\"display: flex; justify-content: space-between;\">\n      <span>Vendredi :<\/span><span>9h30 &#8211; 12h30 &#038; 14h00 &#8211; 18h30<\/span>\n    <\/div>\n  <\/div>\n<\/div>\n\n\n\n\n\n<ul class=\"wp-block-list\"><\/ul>\n\n\n\n<p><\/p>\n\n\n\n<p><\/p>\n\n\n\n<form action=\"https:\/\/www.google.com\/maps\/dir\/\" method=\"get\" target=\"_blank\" style=\"font-family: Tahoma, sans-serif; max-width: 400px; margin: 0 auto; font-size: 18px;\">\n  \n  <input type=\"submit\" value=\"Obtenir l'itin\u00e9raire\" \n         style=\"padding: 12px 24px; background-color: #4285F4; color: white; border: none; border-radius: 4px; cursor: pointer; font-size: 18px; width: 100%;\">\n\n  <label for=\"start\" style=\"font-size: 18px; color: #333; display: block; margin-top: 15px;\">Votre adresse de d\u00e9part :<\/label><br>\n  <input type=\"text\" name=\"saddr\" id=\"start\" placeholder=\"Ex: 10 rue Exemple, Strasbourg\" required \n         style=\"padding: 12px; width: 100%; margin-top: 8px; border-radius: 4px; border: 1px solid #ccc; box-sizing: border-box; font-size: 18px;\"><br><br>\n  \n  <input type=\"hidden\" name=\"daddr\" value=\"4 rue du Mar\u00e9chal Joffre, 67500 Haguenau\">\n  \n<\/form>\n\n\n\n\n<!-- Lien Facebook sous le formulaire avec le logo \u00e0 c\u00f4t\u00e9 -->\n<div style=\"text-align: center; margin-top: 20px; font-family: Tahoma, sans-serif; font-size: 24px;\">\n  <a href=\"https:\/\/www.facebook.com\/profile.php?id=61559736823628\" target=\"_blank\" style=\"font-family: Tahoma, sans-serif; text-decoration: none; color: #1877F2; font-size: 24px; display: inline-flex; align-items: center;\">\n    <img decoding=\"async\" src=\"https:\/\/upload.wikimedia.org\/wikipedia\/commons\/5\/51\/Facebook_f_logo_%282019%29.svg\" alt=\"Facebook\" style=\"width: 30px; height: 30px; margin-right: 10px;\">\n    Suivez-nous sur Facebook\n  <\/a>\n<\/div>\n\n\n\n\n\n<div class=\"wp-block-kadence-column kadence-column2664_ee00d5-5b\">\n  <div class=\"kt-inside-inner-col\">\n    <h2 class=\"kt-adv-heading2664_2b744d-b9 wp-block-kadence-advancedheading has-theme-palette-3-color has-text-color\" data-kb-block=\"kb-adv-heading2664_2b744d-b9\" style=\"font-family: Tahoma, sans-serif; font-size: 20px;\">Une demande particuli\u00e8re ?<\/h2>\n    \n    <p class=\"kt-adv-heading2664_565ccd-15 wp-block-kadence-advancedheading has-theme-palette-4-color has-text-color\" data-kb-block=\"kb-adv-heading2664_565ccd-15\" style=\"font-family: Tahoma, sans-serif; font-size: 20px;\">\n      Notre \u00e9quipe est \u00e0 votre \u00e9coute. N\u2019h\u00e9sitez pas \u00e0 nous contacter.\n    <\/p>\n    \n    <div class=\"wp-block-kadence-form kadence-form-15457_ba8d80-f6 kb-form-wrap\" style=\"font-family: Tahoma, sans-serif; font-size: 20px;\">\n      <form class=\"kb-form\" action=\"\" method=\"post\">\n        <!-- Champ Nom ajout\u00e9 -->\n        <div class=\"kadence-blocks-form-field kb-field-desk-width-50 kb-field-tablet-width-50 kb-field-mobile-width-100 kb-input-size-standard\">\n          <label for=\"kb_field_15457_ba8d80-f6_3\" style=\"font-size: 20px;\">Nom<span class=\"required\">*<\/span><\/label>\n          <input name=\"kb_field_3\" id=\"kb_field_15457_ba8d80-f6_3\" data-label=\"Nom\" type=\"text\" placeholder=\"\" value=\"\" data-type=\"text\" class=\"kb-field kb-text-style-field kb-text-field kb-field-3\" data-required=\"yes\" style=\"font-size: 20px;\"\/>\n        <\/div>\n\n        <div class=\"kadence-blocks-form-field kb-field-desk-width-50 kb-field-tablet-width-50 kb-field-mobile-width-100 kb-input-size-standard\">\n          <label for=\"kb_field_15457_ba8d80-f6_0\" style=\"font-size: 20px;\">Pr\u00e9nom<span class=\"required\">*<\/span><\/label>\n          <input name=\"kb_field_0\" id=\"kb_field_15457_ba8d80-f6_0\" data-label=\"Pr\u00e9nom\" type=\"text\" placeholder=\"\" value=\"\" data-type=\"text\" class=\"kb-field kb-text-style-field kb-text-field kb-field-0\" data-required=\"yes\" style=\"font-size: 20px;\"\/>\n        <\/div>\n\n        <!-- Champ Email avec l'ast\u00e9risque ajout\u00e9 -->\n        <div class=\"kadence-blocks-form-field kb-form-field-1 kb-field-desk-width-50 kb-field-tablet-width-50 kb-field-mobile-width-100 kb-input-size-standard\">\n          <label for=\"kb_field_15457_ba8d80-f6_1\" style=\"font-size: 20px;\">Email<span class=\"required\">*<\/span><\/label>\n          <input name=\"kb_field_1\" id=\"kb_field_15457_ba8d80-f6_1\" data-label=\"Email\" type=\"email\" placeholder=\"\" value=\"\" data-type=\"email\" class=\"kb-field kb-text-style-field kb-email-field kb-field-1\" data-required=\"yes\" style=\"font-size: 20px;\"\/>\n        <\/div>\n\n        <div class=\"kadence-blocks-form-field kb-form-field-2 kb-field-desk-width-100 kb-input-size-standard\">\n          <label for=\"kb_field_15457_ba8d80-f6_2\" style=\"font-size: 20px;\">Message<span class=\"required\">*<\/span><\/label>\n          <textarea name=\"kb_field_2\" id=\"kb_field_15457_ba8d80-f6_2\" data-label=\"Message\" type=\"textarea\" placeholder=\"\" data-type=\"textarea\" class=\"kb-field kb-text-style-field kb-textarea-field kb-field-2\" rows=\"4\" data-required=\"yes\" style=\"font-size: 20px;\"><\/textarea>\n        <\/div>\n        \n        <input type=\"hidden\" name=\"_kb_form_id\" value=\"15457_ba8d80-f6\"\/>\n        <input type=\"hidden\" name=\"_kb_form_post_id\" value=\"2664\"\/>\n        <input type=\"hidden\" name=\"action\" value=\"kb_process_ajax_submit\"\/>\n        <input class=\"kadence-blocks-field verify\" type=\"text\" name=\"_kb_verify_email\" autocomplete=\"off\" aria-hidden=\"true\" placeholder=\"Email\" tabindex=\"-1\" style=\"font-size: 20px;\"\/>\n        \n        <div class=\"kadence-blocks-form-field kb-submit-field kb-field-desk-width-100\">\n          <button class=\"kb-forms-submit button kb-button-size-custom kb-button-width-auto\" style=\"font-family: Tahoma, sans-serif; font-size: 20px;\">Envoyer<\/button>\n        <\/div>\n      <\/form>\n    <\/div>\n    \n   <!-- Lien Facebook sous le formulaire avec le logo \u00e0 c\u00f4t\u00e9 -->\n<div style=\"text-align: center; margin-top: 20px; font-family: Tahoma, sans-serif; font-size: 24px;\">\n  <a href=\"https:\/\/www.facebook.com\/profile.php?id=61559736823628\" target=\"_blank\" style=\"font-family: Tahoma, sans-serif; text-decoration: none; color: #1877F2; font-size: 24px; display: inline-flex; align-items: center;\">\n    <img decoding=\"async\" src=\"https:\/\/upload.wikimedia.org\/wikipedia\/commons\/5\/51\/Facebook_f_logo_%282019%29.svg\" alt=\"Facebook\" style=\"width: 30px; height: 30px; margin-right: 10px;\">\n    Suivez-nous sur Facebook\n  <\/a>\n<\/div>\n\n\n\n\n<p><\/p>\n","protected":false},"excerpt":{"rendered":"<p>O\u00f9 nous trouver \ud83d\udccd 5 Grand Rue67500 Haguenau \ud83d\udcde 09 81 27 21 51 Nos horaires d&rsquo;ouverture Lundi :9h30 &#8211; 12h30 &#038; 14h00 &#8211; 18h30 Mardi :9h30 &#8211; 12h30 &#038; 14h00 &#8211; 18h30 Mercredi :9h30 &#8211; 12h30 &#038; 14h00 &#8211; 18h30 Jeudi :9h30 &#8211; 12h30 &#038; 14h00 &#8211; 18h30 Vendredi :9h30 &#8211; 12h30 &#038; 14h00 [&hellip;]<\/p>\n","protected":false},"author":1,"featured_media":3079,"parent":0,"menu_order":0,"comment_status":"closed","ping_status":"closed","template":"","meta":{"_kadence_starter_templates_imported_post":true,"footnotes":""},"class_list":["post-2664","page","type-page","status-publish","has-post-thumbnail","hentry"],"_links":{"self":[{"href":"https:\/\/reparshop.shop\/index.php\/wp-json\/wp\/v2\/pages\/2664","targetHints":{"allow":["GET"]}}],"collection":[{"href":"https:\/\/reparshop.shop\/index.php\/wp-json\/wp\/v2\/pages"}],"about":[{"href":"https:\/\/reparshop.shop\/index.php\/wp-json\/wp\/v2\/types\/page"}],"author":[{"embeddable":true,"href":"https:\/\/reparshop.shop\/index.php\/wp-json\/wp\/v2\/users\/1"}],"replies":[{"embeddable":true,"href":"https:\/\/reparshop.shop\/index.php\/wp-json\/wp\/v2\/comments?post=2664"}],"version-history":[{"count":11,"href":"https:\/\/reparshop.shop\/index.php\/wp-json\/wp\/v2\/pages\/2664\/revisions"}],"predecessor-version":[{"id":3265,"href":"https:\/\/reparshop.shop\/index.php\/wp-json\/wp\/v2\/pages\/2664\/revisions\/3265"}],"wp:featuredmedia":[{"embeddable":true,"href":"https:\/\/reparshop.shop\/index.php\/wp-json\/wp\/v2\/media\/3079"}],"wp:attachment":[{"href":"https:\/\/reparshop.shop\/index.php\/wp-json\/wp\/v2\/media?parent=2664"}],"curies":[{"name":"wp","href":"https:\/\/api.w.org\/{rel}","templated":true}]}}